What is the hundred thousands digit of 22664155?
6
What is the ten thousands digit of 2871263?
7
What is the units digit of 12437422?
2
What is the thousands digit of 609851?
9
What is the ten thousands digit of 1178403?
7
What is the thousands digit of 4784237?
4
What is the hundred thousands digit of 1427248?
4
What is the ten thousands digit of 1864707?
6
What is the units digit of 1583931?
1
What is the hundred thousands digit of 789840?
7
What is the hundreds digit of 10176946?
9
What is the millions digit of 6875361?
6
What is the tens digit of 277299?
9
What is the hundred thousands digit of 5704840?
7
What is the units digit of 115567?
7
What is the hundred thousands digit of 13075005?
0
What is the hundreds digit of 1811690?
6
What is the thousands digit of 5159648?
9
What is the units digit of 8183697?
7
What is the hundred thousands digit of 1023923?
0
What is the units digit of 155184?
4
What is the tens digit of 290494?
9
What is the hundred thousands digit of 732699?
7
What is the tens digit of 5995521?
2
What is the tens digit of 1156055?
5
What is the hundreds digit of 1198705?
7
What is the hundreds digit of 5458653?
6
What is the units digit of 12380413?
3
What is the ten thousands digit of 605955?
0
What is the millions digit of 7985203?
7
What is the tens digit of 9899431?
3
What is the ten thousands digit of 94942?
9
What is the tens digit of 144370?
7
What is the units digit of 244425?
5
What is the units digit of 332453?
3
What is the thousands digit of 177694?
7
What is the millions digit of 1059017?
1
What is the ten thousands digit of 64545?
6
What is the tens digit of 51038?
3
What is the units digit of 905314?
4
What is the units digit of 828501?
1
What is the tens digit of 658233?
3
What is the tens digit of 918065?
6
What is the units digit of 1029849?
9
What is the hundreds digit of 3035609?
6
What is the hundreds digit of 1689873?
8
What is the ten millions digit of 27926555?
2
What is the tens digit of 2920101?
0
What is the tens digit of 138293?
9
What is the millions digit of 1621446?
1
What is the tens digit of 211840?
4
What is the millions digit of 9872999?
9
What is the units digit of 5902379?
9
What is the ten thousands digit of 1392634?
9
What is the thousands digit of 70287?
0
What is the units digit of 991395?
5
What is the hundreds digit of 26073513?
5
What is the units digit of 166529?
9
What is the units digit of 15418?
8
What is the tens digit of 279356?
5
What is the ten thousands digit of 9108432?
0
What is the thousands digit of 126695?
6
What is the tens digit of 454945?
4
What is the tens digit of 642941?
4
What is the hundreds digit of 930447?
4
What is the hundreds digit of 8694620?
6
What is the units digit of 1150925?
5
What is the tens digit of 539588?
8
What is the units digit of 54119?
9
What is the hundred thousands digit of 650470?
6
What is the ten thousands digit of 331138?
3
What is the millions digit of 39721722?
9
What is the thousands digit of 1009992?
9
What is the ten thousands digit of 73212?
7
What is the thousands digit of 10217599?
7
What is the tens digit of 3641389?
8
What is the ten thousands digit of 330959?
3
What is the thousands digit of 1447140?
7
What is the thousands digit of 1529041?
9
What is the millions digit of 1020403?
1
What is the ten millions digit of 12928707?
1
What is the hundred thousands digit of 18098910?
0
What is the millions digit of 5508268?
5
What is the thousands digit of 427281?
7
What is the hundred thousands digit of 339102?
3
What is the ten thousands digit of 4867312?
6
What is the millions digit of 7798672?
7
What is the thousands digit of 840153?
0
What is the tens digit of 296828?
2
What is the ten thousands digit of 8265641?
6
What is the hundred thousands digit of 147287?
1
What is the millions digit of 1448898?
1
What is the ten thousands digit of 2550992?
5
What is the thousands digit of 8147077?
7
What is the tens digit of 187940?
4
What is the hundred thousands digit of 700269?
7
What is the tens digit of 4069994?
9
What is the thousands digit of 5304159?
4
What is the thousands digit of 408179?
8
What is the hundred thousands digit of 514032?
5
What is the thousands digit of 1036285?
6
What is the ten thousands digit of 150252?
5
What is the hundreds digit of 31745071?
0
What is the units digit of 878037?
7
What is the thousands digit of 403791?
3
What is the millions digit of 1011023?
1
What is the hundreds digit of 93399?
3
What is the thousands digit of 6900220?
0
What is the thousands digit of 98684?
8
What is the ten thousands digit of 111828?
1
What is the hundreds digit of 2966211?
2
What is the units digit of 938086?
6
What is the units digit of 4359697?
7
What is the hundred thousands digit of 1130390?
1
What is the hundred thousands digit of 150116?
1
What is the thousands digit of 19396543?
6
What is the hundred thousands digit of 344429?
3
What is the ten thousands digit of 9764553?
6
What is the ten thousands digit of 274972?
7
What is the thousands digit of 641217?
1
What is the hundreds digit of 171745?
7
What is the hundred thousands digit of 13379314?
3
What is the millions digit of 1371477?
1
What is the hundred thousands digit of 3667573?
6
What is the units digit of 178783?
3
What is the hundreds digit of 186637?
6
What is the ten thousands digit of 187825?
8
What is the millions digit of 15181217?
5
What is the ten thousands digit of 48683?
4
What is the tens digit of 15220156?
5
What is the ten thousands digit of 98957?
9
What is the hundreds digit of 4648760?
7
What is the ten thousands digit of 461243?
6
What is the thousands digit of 2586630?
6
What is the ten thousands digit of 25030106?
3
What is the tens digit of 10432437?
3
What is the hundred thousands digit of 276940?
2
What is the units digit of 7963730?
0
What is the ten millions digit of 16545496?
1
What is the millions digit of 1672488?
1
What is the units digit of 1602683?
3
What is the units digit of 1082234?
4
What is the units digit of 1074555?
5
What is the millions digit of 6980022?
6
What is the tens digit of 5403476?
7
What is the hundred thousands digit of 727045?
7
What is the hundreds digit of 96238?
2
What is the thousands digit of 264131?
4
What is the thousands digit of 628176?
8
What is the tens digit of 7510263?
6
What is the tens digit of 549694?
9
What is the thousands digit of 278681?
8
What is the units digit of 2558858?
8
What is the millions digit of 16993510?
6
What is the thousands digit of 258318?
8
What is the hundreds digit of 966374?
3
What is the ten thousands digit of 205010?
0
What is the ten thousands digit of 409373?
0
What is the hundreds digit of 1270871?
8
What is the thousands digit of 240762?
0
What is the hundred thousands digit of 7768326?
7
What is the ten thousands digit of 291426?
9
What is the tens digit of 869981?
8
What is the ten thousands digit of 6098087?
9
What is the ten thousands digit of 8920759?
2
What is the tens digit of 2147?
4
What is the hundred thousands digit of 9796500?
7
What is the hundreds digit of 1774617?
6
What is the millions digit of 1029485?
1
What is the hundreds digit of 73226?
2
What is the millions digit of 1195513?
1
What is the hundred thousands digit of 8146348?
1
What is the hundreds digit of 6600458?
4
What is the units digit of 363791?
1
What is the units digit of 664656?
6
What is the ten thousands digit of 1143219?
4
What is the ten thousands digit of 1284288?
8
What is the hundreds digit of 11010498?
4
What is the ten thousands digit of 250985?
5
What is the ten thousands digit of 139551?
3
What is the hundreds digit of 11608565?
5
What is the ten thousands digit of 1083296?
8
What is the ten thousands digit of 1503565?
0
What is the hundred thousands digit of 445720?
4
What is the hundreds digit of 16295403?
4
What is the units digit of 4490162?
2
What is the millions digit of 2455496?
2
What is the hundred thousands digit of 13335511?
3
What is the millions digit of 1327030?
1
What is the units digit of 18775?
5
What is the hundreds digit of 28223843?
8
What is the hundred thousands digit of 1031959?
0
What is the tens digit of 328665?
6
What is the thousands digit of 373715?
3
What is the ten thousands digit of 24902953?
0
What is the units digit of 95